{"id":682,"date":"2023-06-12T09:59:18","date_gmt":"2023-06-12T12:59:18","guid":{"rendered":"https:\/\/www.lidersport.com.br\/loja\/?post_type=product&#038;p=682"},"modified":"2023-08-15T17:21:30","modified_gmt":"2023-08-15T20:21:30","slug":"calcao-penta-azul-cobalto","status":"publish","type":"product","link":"https:\/\/www.lidersport.com.br\/loja\/produto\/calcao-penta-azul-cobalto\/","title":{"rendered":"Cal\u00e7\u00e3o Penta &#8211; Azul Cobalto"},"content":{"rendered":"<p>* Tecnologia Dry mant\u00e9m o tecido sempre seco e confort\u00e1vel.<br \/>\n* El\u00e1stico na cintura com cord\u00e3o oferece um ajuste confort\u00e1vel.<br \/>\n* Lav\u00e1vel na m\u00e1quina.<\/p>\n<span class=\"et_bloom_bottom_trigger\"><\/span>","protected":false},"excerpt":{"rendered":"<p>* Tecnologia Dry mant\u00e9m o tecido sempre seco e confort\u00e1vel.<br \/>\n* El\u00e1stico na cintura com cord\u00e3o oferece um ajuste confort\u00e1vel.<br \/>\n* Lav\u00e1vel na m\u00e1quina.<\/p>\n<a href='https:\/\/www.lidersport.com.br\/loja\/tamanhos-medidas\/#calcao-adulto' class='small-button smallblue' target=\"_blank\">Tabela de Tamanhos<\/a>\n","protected":false},"featured_media":675,"comment_status":"open","ping_status":"closed","template":"","meta":{"_et_pb_use_builder":"","_et_pb_old_content":"","_et_gb_content_width":""},"product_brand":[],"product_cat":[15,25],"product_tag":[],"class_list":{"0":"post-682","1":"product","2":"type-product","3":"status-publish","4":"has-post-thumbnail","6":"product_cat-produtos","7":"product_cat-calcao-penta","9":"first","10":"instock","11":"shipping-taxable","12":"purchasable","13":"product-type-variable"},"jetpack-related-posts":[{"id":669,"url":"https:\/\/www.lidersport.com.br\/loja\/produto\/calcao-penta-verde\/","url_meta":{"origin":682,"position":0},"title":"Cal\u00e7\u00e3o Penta &#8211; Verde","author":"Lider Sport","date":"12\/06\/2023","format":false,"excerpt":"* Tecnologia Dry mant\u00e9m o tecido sempre seco e confort\u00e1vel. * El\u00e1stico na cintura com cord\u00e3o oferece um ajuste confort\u00e1vel. * Lav\u00e1vel na m\u00e1quina.","rel":"","context":"Post similar","block_context":{"text":"Post similar","link":""},"img":{"alt_text":"Lider Sport - Uniformes Esportivos - Cal\u00e7\u00e3o Penta - Verde","src":"https:\/\/i0.wp.com\/www.lidersport.com.br\/loja\/wp-content\/uploads\/2023\/06\/MG_8572-Ofs.jpg?resize=350%2C200&ssl=1","width":350,"height":200,"srcset":"https:\/\/i0.wp.com\/www.lidersport.com.br\/loja\/wp-content\/uploads\/2023\/06\/MG_8572-Ofs.jpg?resize=350%2C200&ssl=1 1x, https:\/\/i0.wp.com\/www.lidersport.com.br\/loja\/wp-content\/uploads\/2023\/06\/MG_8572-Ofs.jpg?resize=525%2C300&ssl=1 1.5x, https:\/\/i0.wp.com\/www.lidersport.com.br\/loja\/wp-content\/uploads\/2023\/06\/MG_8572-Ofs.jpg?resize=700%2C400&ssl=1 2x, https:\/\/i0.wp.com\/www.lidersport.com.br\/loja\/wp-content\/uploads\/2023\/06\/MG_8572-Ofs.jpg?resize=1050%2C600&ssl=1 3x"},"classes":[]},{"id":678,"url":"https:\/\/www.lidersport.com.br\/loja\/produto\/calcao-penta-azul\/","url_meta":{"origin":682,"position":1},"title":"Cal\u00e7\u00e3o Penta &#8211; Azul","author":"Lider Sport","date":"12\/06\/2023","format":false,"excerpt":"* Tecnologia Dry mant\u00e9m o tecido sempre seco e confort\u00e1vel. * El\u00e1stico na cintura com cord\u00e3o oferece um ajuste confort\u00e1vel. * Lav\u00e1vel na m\u00e1quina.","rel":"","context":"Post similar","block_context":{"text":"Post similar","link":""},"img":{"alt_text":"Lider Sport - Uniformes Esportivos - Cal\u00e7\u00e3o Penta - Azul","src":"https:\/\/i0.wp.com\/www.lidersport.com.br\/loja\/wp-content\/uploads\/2023\/06\/MG_8574-Ofs.jpg?resize=350%2C200&ssl=1","width":350,"height":200,"srcset":"https:\/\/i0.wp.com\/www.lidersport.com.br\/loja\/wp-content\/uploads\/2023\/06\/MG_8574-Ofs.jpg?resize=350%2C200&ssl=1 1x, https:\/\/i0.wp.com\/www.lidersport.com.br\/loja\/wp-content\/uploads\/2023\/06\/MG_8574-Ofs.jpg?resize=525%2C300&ssl=1 1.5x, https:\/\/i0.wp.com\/www.lidersport.com.br\/loja\/wp-content\/uploads\/2023\/06\/MG_8574-Ofs.jpg?resize=700%2C400&ssl=1 2x, https:\/\/i0.wp.com\/www.lidersport.com.br\/loja\/wp-content\/uploads\/2023\/06\/MG_8574-Ofs.jpg?resize=1050%2C600&ssl=1 3x"},"classes":[]},{"id":679,"url":"https:\/\/www.lidersport.com.br\/loja\/produto\/calcao-penta-vinho\/","url_meta":{"origin":682,"position":2},"title":"Cal\u00e7\u00e3o Penta &#8211; Vinho","author":"Lider Sport","date":"12\/06\/2023","format":false,"excerpt":"* Tecnologia Dry mant\u00e9m o tecido sempre seco e confort\u00e1vel. * El\u00e1stico na cintura com cord\u00e3o oferece um ajuste confort\u00e1vel. * Lav\u00e1vel na m\u00e1quina.","rel":"","context":"Post similar","block_context":{"text":"Post similar","link":""},"img":{"alt_text":"Lider Sport - Uniformes Esportivos - Cal\u00e7\u00e3o Penta - Vinho","src":"https:\/\/i0.wp.com\/www.lidersport.com.br\/loja\/wp-content\/uploads\/2023\/06\/MG_8576-Ofs.jpg?resize=350%2C200&ssl=1","width":350,"height":200,"srcset":"https:\/\/i0.wp.com\/www.lidersport.com.br\/loja\/wp-content\/uploads\/2023\/06\/MG_8576-Ofs.jpg?resize=350%2C200&ssl=1 1x, https:\/\/i0.wp.com\/www.lidersport.com.br\/loja\/wp-content\/uploads\/2023\/06\/MG_8576-Ofs.jpg?resize=525%2C300&ssl=1 1.5x, https:\/\/i0.wp.com\/www.lidersport.com.br\/loja\/wp-content\/uploads\/2023\/06\/MG_8576-Ofs.jpg?resize=700%2C400&ssl=1 2x, https:\/\/i0.wp.com\/www.lidersport.com.br\/loja\/wp-content\/uploads\/2023\/06\/MG_8576-Ofs.jpg?resize=1050%2C600&ssl=1 3x"},"classes":[]},{"id":680,"url":"https:\/\/www.lidersport.com.br\/loja\/produto\/calcao-penta-vermelho\/","url_meta":{"origin":682,"position":3},"title":"Cal\u00e7\u00e3o Penta &#8211; Vermelho","author":"Lider Sport","date":"12\/06\/2023","format":false,"excerpt":"* Tecnologia Dry mant\u00e9m o tecido sempre seco e confort\u00e1vel. * El\u00e1stico na cintura com cord\u00e3o oferece um ajuste confort\u00e1vel. * Lav\u00e1vel na m\u00e1quina.","rel":"","context":"Post similar","block_context":{"text":"Post similar","link":""},"img":{"alt_text":"Lider Sport - Uniformes Esportivos - Cal\u00e7\u00e3o Penta - Vermelho","src":"https:\/\/i0.wp.com\/www.lidersport.com.br\/loja\/wp-content\/uploads\/2023\/06\/MG_8578-Of.jpg?resize=350%2C200&ssl=1","width":350,"height":200,"srcset":"https:\/\/i0.wp.com\/www.lidersport.com.br\/loja\/wp-content\/uploads\/2023\/06\/MG_8578-Of.jpg?resize=350%2C200&ssl=1 1x, https:\/\/i0.wp.com\/www.lidersport.com.br\/loja\/wp-content\/uploads\/2023\/06\/MG_8578-Of.jpg?resize=525%2C300&ssl=1 1.5x, https:\/\/i0.wp.com\/www.lidersport.com.br\/loja\/wp-content\/uploads\/2023\/06\/MG_8578-Of.jpg?resize=700%2C400&ssl=1 2x, https:\/\/i0.wp.com\/www.lidersport.com.br\/loja\/wp-content\/uploads\/2023\/06\/MG_8578-Of.jpg?resize=1050%2C600&ssl=1 3x"},"classes":[]},{"id":681,"url":"https:\/\/www.lidersport.com.br\/loja\/produto\/calcao-penta-branco\/","url_meta":{"origin":682,"position":4},"title":"Cal\u00e7\u00e3o Penta &#8211; Branco","author":"Lider Sport","date":"12\/06\/2023","format":false,"excerpt":"* Tecnologia Dry mant\u00e9m o tecido sempre seco e confort\u00e1vel. * El\u00e1stico na cintura com cord\u00e3o oferece um ajuste confort\u00e1vel. * Lav\u00e1vel na m\u00e1quina.","rel":"","context":"Post similar","block_context":{"text":"Post similar","link":""},"img":{"alt_text":"Lider Sport - Uniformes Esportivos - Cal\u00e7\u00e3o Penta - Branco","src":"https:\/\/i0.wp.com\/www.lidersport.com.br\/loja\/wp-content\/uploads\/2023\/06\/MG_8580-Ofs.jpg?resize=350%2C200&ssl=1","width":350,"height":200,"srcset":"https:\/\/i0.wp.com\/www.lidersport.com.br\/loja\/wp-content\/uploads\/2023\/06\/MG_8580-Ofs.jpg?resize=350%2C200&ssl=1 1x, https:\/\/i0.wp.com\/www.lidersport.com.br\/loja\/wp-content\/uploads\/2023\/06\/MG_8580-Ofs.jpg?resize=525%2C300&ssl=1 1.5x, https:\/\/i0.wp.com\/www.lidersport.com.br\/loja\/wp-content\/uploads\/2023\/06\/MG_8580-Ofs.jpg?resize=700%2C400&ssl=1 2x, https:\/\/i0.wp.com\/www.lidersport.com.br\/loja\/wp-content\/uploads\/2023\/06\/MG_8580-Ofs.jpg?resize=1050%2C600&ssl=1 3x"},"classes":[]},{"id":684,"url":"https:\/\/www.lidersport.com.br\/loja\/produto\/calcao-penta-preto\/","url_meta":{"origin":682,"position":5},"title":"Cal\u00e7\u00e3o Penta &#8211; Preto","author":"Lider Sport","date":"12\/06\/2023","format":false,"excerpt":"* Tecnologia Dry mant\u00e9m o tecido sempre seco e confort\u00e1vel. * El\u00e1stico na cintura com cord\u00e3o oferece um ajuste confort\u00e1vel. * Lav\u00e1vel na m\u00e1quina.","rel":"","context":"Post similar","block_context":{"text":"Post similar","link":""},"img":{"alt_text":"Lider Sport - Uniformes Esportivos - Cal\u00e7\u00e3o Penta - Preto","src":"https:\/\/i0.wp.com\/www.lidersport.com.br\/loja\/wp-content\/uploads\/2023\/06\/MG_8588-Of.jpg?resize=350%2C200&ssl=1","width":350,"height":200,"srcset":"https:\/\/i0.wp.com\/www.lidersport.com.br\/loja\/wp-content\/uploads\/2023\/06\/MG_8588-Of.jpg?resize=350%2C200&ssl=1 1x, https:\/\/i0.wp.com\/www.lidersport.com.br\/loja\/wp-content\/uploads\/2023\/06\/MG_8588-Of.jpg?resize=525%2C300&ssl=1 1.5x, https:\/\/i0.wp.com\/www.lidersport.com.br\/loja\/wp-content\/uploads\/2023\/06\/MG_8588-Of.jpg?resize=700%2C400&ssl=1 2x, https:\/\/i0.wp.com\/www.lidersport.com.br\/loja\/wp-content\/uploads\/2023\/06\/MG_8588-Of.jpg?resize=1050%2C600&ssl=1 3x"},"classes":[]}],"jetpack_sharing_enabled":true,"_links":{"self":[{"href":"https:\/\/www.lidersport.com.br\/loja\/wp-json\/wp\/v2\/product\/682","targetHints":{"allow":["GET"]}}],"collection":[{"href":"https:\/\/www.lidersport.com.br\/loja\/wp-json\/wp\/v2\/product"}],"about":[{"href":"https:\/\/www.lidersport.com.br\/loja\/wp-json\/wp\/v2\/types\/product"}],"replies":[{"embeddable":true,"href":"https:\/\/www.lidersport.com.br\/loja\/wp-json\/wp\/v2\/comments?post=682"}],"wp:featuredmedia":[{"embeddable":true,"href":"https:\/\/www.lidersport.com.br\/loja\/wp-json\/wp\/v2\/media\/675"}],"wp:attachment":[{"href":"https:\/\/www.lidersport.com.br\/loja\/wp-json\/wp\/v2\/media?parent=682"}],"wp:term":[{"taxonomy":"product_brand","embeddable":true,"href":"https:\/\/www.lidersport.com.br\/loja\/wp-json\/wp\/v2\/product_brand?post=682"},{"taxonomy":"product_cat","embeddable":true,"href":"https:\/\/www.lidersport.com.br\/loja\/wp-json\/wp\/v2\/product_cat?post=682"},{"taxonomy":"product_tag","embeddable":true,"href":"https:\/\/www.lidersport.com.br\/loja\/wp-json\/wp\/v2\/product_tag?post=682"}],"curies":[{"name":"wp","href":"https:\/\/api.w.org\/{rel}","templated":true}]}}